{"id":778,"date":"2021-10-07T05:44:55","date_gmt":"2021-10-07T05:44:55","guid":{"rendered":"https:\/\/ninetheme.com\/themes\/styler\/fashion\/?post_type=product&#038;p=778"},"modified":"2025-04-25T22:21:31","modified_gmt":"2025-04-26T04:21:31","slug":"adidas-norm","status":"publish","type":"product","link":"https:\/\/ventasharmony.com\/?product=adidas-norm","title":{"rendered":"Gorra con Estampado"},"content":{"rendered":"<p><span class=\"OYPEnA font-feature-liga-off font-feature-clig-off font-feature-calt-off text-decoration-none text-strikethrough-none\">Gorra de b\u00e9isbol ajustable de poli\u00e9ster casual para mujeres con estampado de latido de coraz\u00f3n y flor. Linda opci\u00f3n para compartir con adolescentes o j\u00f3venes para el cuidado del rostro en el verano. Estilo Denim, color azul marino.<\/span><\/p>\n","protected":false},"excerpt":{"rendered":"<ul class=\"styler-product-features-list\">\n<li><span class=\"OYPEnA font-feature-liga-off font-feature-clig-off font-feature-calt-off text-decoration-none text-strikethrough-none\">Gorra de b\u00e9isbol ajustable de poli\u00e9ster casual para mujeres con estampado de latido de coraz\u00f3n y flor. Linda opci\u00f3n para compartir con adolescentes o j\u00f3venes para el cuidado del rostro en el verano. Estilo Denim, color azul marino.<\/span><\/li>\n<\/ul>\n","protected":false},"featured_media":6113,"template":"","meta":[],"product_brand":[],"product_cat":[19,52,30,39,40,41,42,47],"product_tag":[20,45],"class_list":{"0":"post-778","1":"product","2":"type-product","3":"status-publish","4":"has-post-thumbnail","6":"product_cat-t-shirts","7":"product_cat-denim","8":"product_cat-men","9":"product_cat-shorts-skirts","10":"product_cat-sweaters","11":"product_cat-sweaters-men","12":"product_cat-swimwear","13":"product_cat-women","14":"product_tag-bestseller","15":"product_tag-trend","16":"styler_product_brands-adidas","17":"styler_product_brands-loft","18":"styler_product_brands-nike","19":"nt-post-class","20":"","26":"first","27":"instock","28":"sale","29":"featured","30":"purchasable","31":"product-type-simple"},"_links":{"self":[{"href":"https:\/\/ventasharmony.com\/index.php?rest_route=\/wp\/v2\/product\/778","targetHints":{"allow":["GET"]}}],"collection":[{"href":"https:\/\/ventasharmony.com\/index.php?rest_route=\/wp\/v2\/product"}],"about":[{"href":"https:\/\/ventasharmony.com\/index.php?rest_route=\/wp\/v2\/types\/product"}],"version-history":[{"count":2,"href":"https:\/\/ventasharmony.com\/index.php?rest_route=\/wp\/v2\/product\/778\/revisions"}],"predecessor-version":[{"id":6114,"href":"https:\/\/ventasharmony.com\/index.php?rest_route=\/wp\/v2\/product\/778\/revisions\/6114"}],"wp:featuredmedia":[{"embeddable":true,"href":"https:\/\/ventasharmony.com\/index.php?rest_route=\/wp\/v2\/media\/6113"}],"wp:attachment":[{"href":"https:\/\/ventasharmony.com\/index.php?rest_route=%2Fwp%2Fv2%2Fmedia&parent=778"}],"wp:term":[{"taxonomy":"product_brand","embeddable":true,"href":"https:\/\/ventasharmony.com\/index.php?rest_route=%2Fwp%2Fv2%2Fproduct_brand&post=778"},{"taxonomy":"product_cat","embeddable":true,"href":"https:\/\/ventasharmony.com\/index.php?rest_route=%2Fwp%2Fv2%2Fproduct_cat&post=778"},{"taxonomy":"product_tag","embeddable":true,"href":"https:\/\/ventasharmony.com\/index.php?rest_route=%2Fwp%2Fv2%2Fproduct_tag&post=778"}],"curies":[{"name":"wp","href":"https:\/\/api.w.org\/{rel}","templated":true}]}}